 of w.
11
Let d(q) be the second derivative of -8*q**3/3 + 3*q**2/2 + 2*q. What are the prime factors of d(-2)?
5, 7
Suppose -2*q = 3*q + 3*x + 14, 2*x + 8 = -2*q. List the prime factors of ((-3)/(-5))/(q/(-25)).
3, 5
Let o = -279 - -412. What are the prime factors of o?
7, 19
What are the prime factors of (1/(9/618))/(12/18)?
103
Suppose -5*j = -2*n + 43, j - 31 = -n - 3*n. What are the prime factors of n?
3
Let a(t) = 2*t + 4. What are the prime factors of a(13)?
2, 3, 5
Let o(m) = m**3 - 11*m**2 + 2*m + 4. What are the prime factors of o(11)?
2, 13
Suppose -2*z = -0*d - 4*d + 8, 0 = z. What are the prime factors of d?
2
Suppose -2*f + 12 = 2*f. Let w be (2 + 0)*f/(-2). Let g = w + 5. What are the prime factors of g?
2
Let h(s) = s**2 + 6*s - 13. What are the prime factors of h(-12)?
59
Let b = -78 - -103. What are the prime factors of b?
5
Let w(r) = r**3 - 4*r**2 + 2*r + 4. Let y be w(3). Let d(p) be the first derivative of 2*p**3/3 - 5. List the prime factors of d(y).
2
Let w be (-6*3)/(10/15). Let v = w - 3. Let s = -10 - v. List the prime factors of s.
2, 5
Let a = -10 - -21. List the prime factors of a.
11
Suppose -y + 44 - 13 = 0. List the prime factors of y.
31
Let p = 73 + -4. What are the prime factors of p?
3, 23
Let a = 8 - -27. What are the prime factors of a?
5, 7
Let c(h) = -h**2 - 7*h - 5. Let w be c(-5). Let l(p) = 2*p - 7. Let u be l(w). What are the prime factors of (3 + 0)/(u/12)?
2, 3
Let z(x) = -38*x - 7. What are the prime factors of z(-3)?
107
What are the prime factors of -6 + 9 + 38/2?
2, 11
Suppose 4 = b, 5*o - b - 71 = 2*o. List the prime factors of o.
5
Let m = -36 - -68. Let r(s) = 5*s**3 - 2*s + 1. Let q be r(1). Suppose 0*w + 2*w + 5*d = 23, 5*w + q*d = m. List the prime factors of w.
2
Suppose -14*u + 385 = -9*u. List the prime factors of u.
7, 11
Let w(s) = s**3 - 5*s**2 + 2*s - 5. Let d be w(5). Suppose -o + d = -3. What are the prime factors of o?
2
Let a(y) = y + 12. Let w(j) = j**3 - 3*j**2 + 2*j. Let z be w(2). Let s be a(z). Suppose -v + 24 = v - 2*h, 5*h - s = -4*v. List the prime factors of v.
2
Let s(r) = r**3 + 7*r**2 - 6*r + 11. Let y be s(-8). Let o(u) = 2*u**2 + 6*u + 7. What are the prime factors of o(y)?
3
Let i = -6 - -9. Suppose i*y + 11 = 50. What are the prime factors of y?
13
Let v(z) = 26*z + 1. What are the prime factors of v(1)?
3
What are the prime factors of -1 - (687/(-1))/3?
2, 3, 19
Suppose -a - 12 = -3*a. Let h(n) = 8*n**2 + 8*n - 3*n**2 - a*n**2. List the prime factors of h(6).
2, 3
What are the prime factors of (2 + 66)/(4/((-2)/(-1)))?
2, 17
Suppose 3*g + s - 5 = -s, 4*s = g + 3. Let n be (0 - 2) + g + 3. Suppose n*m = -k - m + 7, -5*m = 5. List the prime factors of k.
2, 5
Suppose 0 = 4*w - 5*w - 1. Let x(a) = 3*a**2 + 2*a + 1. Let f be x(w). Suppose 2*m - 37 = -5*v, m - f*v = 2*m - 16. List the prime factors of m.
2, 3
Suppose 2*l + 0*l = 0. Suppose 3*g + 0*w + 2*w - 32 = l, -5 = -g + 5*w. What are the prime factors of g?
2, 5
Let t(k) = -2*k - 6. Let n be t(-3). Suppose -2*c - 12 + 54 = n. List the prime factors of c.
3, 7
What are the prime factors of (-4)/(-1) - 240/(-12)?
2, 3
Let y = -129 + 224. List the prime factors of y.
5, 19
Let w(x) = x**2 + 2*x + 1. Let l = -5 - -9. Let s = -2 + l. What are the prime factors of w(s)?
3
Let d = 45 - -42. List the prime factors of d.
3, 29
Let j = -28 - -62. List the prime factors of j.
2, 17
Let l = 100 + -13. What are the prime factors of l?
3, 29
Let g be (-1)/3 + (-198)/(-27). Let n(j) = j**2 - 6*j - 7. Let l be n(7). Let z = g + l. What are the prime factors of z?
7
What are the prime factors of ((-558)/(-8))/(0 - 4/(-16))?
3, 31
Let j(m) = -m**3 + 4*m**2 + 3*m + 20. What are the prime factors of j(-4)?
2, 17
Suppose -4*o + 2*q + 0 = 8, -5*o + 5*q - 5 = 0. What are the prime factors of o + 17 - 6/2?
11
Let l(g) be the third derivative of 3*g**2 + 1/6*g**4 + 0 + 0*g + 1/60*g**5 + 2/3*g**3. List the prime factors of l(-4).
2
Let d = -34 + 92. What are the prime factors of d?
2, 29
List the prime factors of ((-2)/(-11))/1 + 8991/99.
7, 13
Suppose -29 - 10 = -x. What are the prime factors of x?
3, 13
Let z be 3/(18/(-4))*15. Let p = -17 - z. What are the prime factors of 1*3 + 16 + p?
2, 3
Let b(s) = -s**3 - 10*s**2 - 3*s - 24. What are the prime factors of b(-11)?
2, 5, 13
Let g = 191 + -57. What are the prime factors of g?
2, 67
Suppose 0 = d - 3, -3*l + 5*d = -2*l - 27. What are the prime factors of l?
2, 3, 7
Let k = -38 - -54. Suppose 3*w - w = k. List the prime factors of w.
2
Let v(w) be the first derivative of -3*w**2/2 - 4*w + 1. What are the prime factors of v(-3)?
5
Let w be (-2 + 5)*1 - -1. Suppose 0*s - 5*h + 24 = 2*s, w*s - 5*h = 78. What are the prime factors of s?
17
Let m be (-1 + -3)*6/(-8). Suppose 2*f - 10 - 14 = -2*t, -4*f + 38 = m*t. What are the prime factors of t?
2, 5
Let m(z) be the first derivative of z**4/4 + 3*z**3 + 4*z**2 + 8*z + 2. Let y be m(-8). Suppose 3*x - y = 10. What are the prime factors of x?
2, 3
Let m(k) be the first derivative of 2*k**2 + k - 2. List the prime factors of m(3).
13
Let s(q) = 27*q + 2. Let v be s(2). Let g = -13 + v. Let a = g + -31. List the prime factors of a.
2, 3
List the prime factors of 312 + 0 + -5 - -1.
2, 7, 11
Let d(z) = z**2 + 15*z + 1. Let f(m) = -m**2 - 15*m - 1. Let g(c) = 4*d(c) + 5*f(c). What are the prime factors of g(-6)?
53
Suppose -3*h + 12 = -3*c, -8 = -3*c - 20. Suppose -z - 8 + 0 = h. Let u(m) = m + 18. List the prime factors of u(z).
2, 5
Suppose s + 72 = i, 5*i + 2*s - 275 - 71 = 0. List the prime factors of i.
2, 5, 7
Suppose 8 = 5*h - 7. Suppose -h + 23 = 5*b. Suppose 0 = d + b - 14. What are the prime factors of d?
2, 5
Let d(h) = h**3 - 13*h**2 + 3*h + 27. What are the prime factors of d(13)?
2, 3, 11
Let c(q) be the first derivative of 2*q**3 + 3*q**2/2 + q + 1. What are the prime factors of c(-2)?
19
Let p(g) = 7*g**2 + 3*g - 3. Suppose -5*o = -9*o + 8. What are the prime factors of p(o)?
31
What are the prime factors of (-4)/(-7) - (-5755)/(-105)*-3?
3, 5, 11
Let g = 14 + -4. Let r(c) = -5*c + 7. Let x(u) = 6*u - 7. Let w(j) = 7*r(j) + 6*x(j). What are the prime factors of w(g)?
17
Let g = 4 + -3. Let r = g + 2. What are the prime factors of r?
3
Let w(u) = u. Let y be w(-4). Let l(t) = -t**2 + 2*t + 5. Let d be l(y). What are the prime factors of (-2)/(-3) + d/(-3)?
7
Let s be 3 - (-3)/((-3)/1). Let w = 76 - 38. Suppose -w = -4*k + g, -5*k + s*k - 4*g + 19 = 0. What are the prime factors of k?
3
Let d be (-31)/2 - 6/(-4). List the prime factors of (-231)/(-49) - 4/d.
5
List the prime factors of ((-2)/4 - 1)*-16.
2, 3
Suppose 0 = 2*w + 5*s - 10*s - 146, 365 = 5*w - s. List the prime factors of w.
73
List the prime factors of (1 - 10/15)*687.
229
Let l(a) = 4*a**3 + a**2 + a. Suppose 2 = g - 0*g. List the prime factors of l(g).
2, 19
List the prime factors of 223 + (8/(-4))/(-1).
3, 5
Let i = -3 - -4. Let a be -3 - -4 - -7*i. Suppose 0 = -0*r - r + a. List the prime factors of r.
2
Suppose 5*b = -l + 53, 6*l + 3*b - 221 = l. What are the prime factors of l?
43
Suppose 6*a - 9*a + 795 = 0. List the prime factors of a.
5, 53
Let d be 0 + 1 - (-9 - -7). Suppose -5 = -4*z + d*y + 4, 2*y = z + 4. List the prime factors of z.
2, 3
Let x(z) = 2*z**2 + 23*z - 28. What are the prime factors of x(-17)?
3, 53
Suppose -588 = -12*i + 5*i. List the prime factors of i.
2, 3, 7
Let f = 45 + -26. What are the prime factors of f?
19
Let q = -1 - 3. Let i = -4 - q. Suppose i*z + 14 = 2*z. What are the prime factors of z?
7
Let z = -38 + 22. List the prime factors of -10 - z - 2*-1.
2
Suppose -x = -3*x + 74. Let l = x - 22. List the prime factors of l.
3, 5
Let y be (-2)/5 - (-210)/25. Let t = y + 1. Suppose b = -0*b + t. What are the prime factors of b?
3
Let v(m) = 17*m - 5. List the prime factors of v(4).
3, 7
Let d be (4/(-3))/(3/81). What are the prime factors of 202/18 + 8/d?
11
Let c = -40 + 85. List the prime factors of c.
3, 5
Suppose 3*s + 2 = -4. Let d be (1/1 - 11)/s. Let y(z) = z**3 - 4*z**2 - 4*z + 6. List the prime factors of y(d).
11
Let i(q) = -q**3 + 10*q**2 - 10*q + 11. Let f be i(9). Let l = f + 0. Suppose 7*n - l*n - 60 = 0. List the prime factors of n.
2, 3
Let f = -61 - -120. What are the prime factors of f?
59
What are the prime fact